when 87 is divided by v.
15
Suppose 0 = 4*k + 2*k - 180. Let j(o) = o**2 + o. Let c be j(-2). Suppose 23 = c*r - 9. Calculate the remainder when k is divided by r.
14
Suppose -2*h - 5*b + 104 = 0, -3*h - 5*b + 57 = -2*h. Let x = 2 - -14. Calculate the remainder when h is divided by x.
15
Let j(x) = -x**2 - 9*x - 4. Let f be (-2)/(-3) - 17/3. What is the remainder when 62 is divided by j(f)?
14
Let g(r) = r**3 - 2*r + 3. Calculate the remainder when g(2) is divided by 1.
0
Let u = 1 + 1. Let c(l) = l**2 + 1. Let o be 2/5 + 24/15. Calculate the remainder when c(o) is divided by u.
1
Suppose -z + 5*f + 59 = 0, -2*z - 3*z + 3*f = -185. Calculate the remainder when z is divided by 15.
4
Suppose 5*p = -0*n + 4*n + 157, -96 = -3*p + 3*n. Calculate the remainder when p is divided by 10.
9
Let d(x) = -4 + 0*x - 6*x + 2. Suppose -5*r + 8 + 12 = 0. What is the remainder when d(-2) is divided by r?
2
Suppose -5*k - 1 = 9. Let g be (1/k)/((-1)/152). Suppose -g - 84 = -5*b. Calculate the remainder when b is divided by 11.
10
Suppose -31*v + 32*v - 15 = 0. What is the remainder when 41 is divided by v?
11
Let r(u) be the first derivative of -u**3/3 - 3*u**2/2 + 5*u + 2. What is the remainder when 1 is divided by r(-4)?
0
Let p be 1/4 - 1/4. Let i = 5 - p. Let r = -59 + 68. What is the remainder when r is divided by i?
4
Let j(d) = -d**3 + 5*d**2 - 9*d + 13. Let m(g) = -g**3 + 4*g**2 - 8*g + 14. Let n(u) = 5*j(u) - 4*m(u). What is the remainder when 61 is divided by n(7)?
13
Let m be (-7 - -3) + 214*1. Suppose 4*c - m = -c. What is the remainder when c is divided by 9?
6
Let f = 0 + 7. Let y(i) = -7*i + i**2 - 5 + 3*i + 6*i. What is the remainder when f is divided by y(-4)?
1
Let q(m) = -11*m + 1. Let j(l) = 2*l - 4. What is the remainder when q(-7) is divided by j(12)?
18
Suppose -2*h - 4*g = h + 7, -5*h - 2*g = 35. Suppose 5*j - 31 = -4*t, 2*j - 14 = -0*t - 2*t. What is the remainder when 19 is divided by 1/(-2 + j) - h?
9
Let s be 120 + (6/2 - 0). Suppose 5*w + 8 = s. What is the remainder when w is divided by 12?
11
Suppose u - 4 = -0*u, -2*v + 96 = -5*u. Calculate the remainder when v is divided by 31.
27
Let v(t) = -10*t - 17. Let i(s) = s**2 + s + 1. Let y(r) = 2*i(r) + v(r). Calculate the remainder when y(7) is divided by 14.
13
Suppose 0*w - 3 = w. Let o = 6 + w. Suppose b + 2*b + 15 = o*s, 0 = -2*s - 2*b - 2. What is the remainder when 4 is divided by s?
0
Let a = -129 - -212. Suppose 5*x = -10, x - a = -c - x. What is the remainder when c is divided by 30?
27
Let b = -20 - 5. Let r = b - -84. Let m = r + -38. What is the remainder when m is divided by 11?
10
Let b = 10 + 9. Suppose 2*l - 7 = 3. Calculate the remainder when b is divided by l.
4
Let s(w) = 5*w**2 + w - 1. What is the remainder when 77 is divided by s(2)?
14
Let r = -21 - -30. Suppose 2*i - 4 = 2. Suppose i*f - 45 = 3. What is the remainder when f is divided by r?
7
Let v(m) = m + 2. Let j be v(-1). Let p = 1 - j. Suppose -5*o = -p*o - 60. Calculate the remainder when 34 is divided by o.
10
Suppose 3*u = -3*k - k + 16, -4*k = u - 8. What is the remainder when 9 is divided by u?
1
Let k = 11 + -4. Let m = 4 + -7. Let a(x) = -x**3 - 2*x**2 + 3*x + 4. What is the remainder when k is divided by a(m)?
3
Let x(z) = -z**3 + 10*z**2 - 6*z - 13. Calculate the remainder when 41 is divided by x(9).
13
Let a be (3/9)/((-1)/(-57)). Let b = a + 62. What is the remainder when b is divided by 28?
25
Let z = -5 - -9. Suppose -3*c + 31 = 5*j, -4*c + 5 + 13 = 2*j. Suppose -5*n + 28 = c*t, 0 = -z*n + 3*t - 3 + 30. What is the remainder when 17 is divided by n?
5
What is the remainder when 40 is divided by 1/8 + 1336/64?
19
Let t = -32 - -67. What is the remainder when t is divided by 9?
8
Suppose 2 - 6 = -c. Suppose c*s + 30 = 5*u + 2*s, 5*u - 45 = 5*s. Suppose h = 3*j + u - 22, -2*j = 3*h - 23. Calculate the remainder when 19 is divided by j.
5
Let u(q) = 2*q**2 - 7*q + 1. Let f be u(5). Let z = -11 + f. Calculate the remainder when 8 is divided by z.
3
Suppose -3*r - 2*q + 8 = -0*q, 8 = -4*q. What is the remainder when 223/9 - r/(-18) is divided by 9?
7
Let u = -2 - -56. Suppose 10*f - 5*f + c = 68, 34 = 3*f + 4*c. What is the remainder when u is divided by f?
12
Suppose 2*w + 3*h + 22 = 7, -4*w - 4*h = 20. Suppose 0*c + 5*c - 15 = w. What is the remainder when 4 is divided by c?
1
Let p = 7 - -3. What is the remainder when p is divided by 4?
2
Suppose 125 = 4*y - 403. Suppose 4*h + 2*t + 2*t = y, h = 3*t + 29. What is the remainder when h is divided by 11?
10
Let f(m) = 2*m + 12. Let s be f(-8). Let o be (-6)/9*(-1 - 845). Calculate the remainder when s/(-6) - o/(-18) is divided by 17.
15
Let t(s) = -s**3 + s**2 + 37. Let b be t(0). Suppose 3 = -2*i + b. Let d = 26 - i. What is the remainder when d is divided by 5?
4
Let m(d) be the first derivative of 5*d**4/4 - d**3/3 + d**2/2 - d - 2. Calculate the remainder when m(2) is divided by (11/2 + 1)*2.
11
Let l(c) = -c**3 + 9*c**2 - 7*c + 9. What is the remainder when l(8) is divided by 4?
1
Suppose 0 = -c - 3*c + 24. Let b = -7 + 18. Calculate the remainder when b is divided by c.
5
Suppose -i - 4*i + 10 = 0. Suppose -i*l + 26 = 4. Calculate the remainder when l is divided by 6.
5
Let w(c) = c**2 + 9*c - 15. What is the remainder when w(-12) is divided by 6?
3
Suppose -2*o = -5*p + 35 + 27, 0 = 5*p - 5*o - 50. What is the remainder when 31 is divided by p?
3
Let j = -8 + 14. Suppose 0*p + 11 = 2*p + l, 0 = p - 5*l + 11. What is the remainder when j is divided by p?
2
Suppose h = -4*i + 132, i - h - 36 = -2*h. What is the remainder when i is divided by 14?
4
Let k = 19 + -17. Calculate the remainder when 9 is divided by k.
1
Let f(y) = -y + 1. Calculate the remainder when 24 is divided by f(-8).
6
Let d = 2 - 0. Suppose -34 + 6 = -2*a. Let r = d + a. Calculate the remainder when 46 is divided by r.
14
Let l(x) be the first derivative of -x**3/3 + 6*x**2 - 13*x + 3. Calculate the remainder when l(10) is divided by 4.
3
Suppose 0*k + 152 = 2*n + 2*k, -5*n = -k - 368. Calculate the remainder when n is divided by 15.
14
Let f(m) = m**2 + 8*m + 10. Let q(z) = 46*z - 1. Let n be q(2). Suppose -i + 4*c + 14 = -1, 5*i - 4*c = n. What is the remainder when i is divided by f(-8)?
9
Calculate the remainder when 94 is divided by 20 + 3 + -1*(8 + -4).
18
Suppose 5*b = 2*v + 287, b + 283 = 6*b + 2*v. Suppose -27 = -6*u + 93. Calculate the remainder when b is divided by u.
17
Let y(c) = -5*c - 4. Suppose 2*j = 2*z - 8, -22 = 3*z - z + 4*j. What is the remainder when y(-4) is divided by z*(11 + -2)*-1?
7
Suppose 4*y = 17 + 107. Calculate the remainder when y is divided by 16.
15
Suppose 0*c - 2*c = -5*x - 109, 15 = -3*x. Suppose 3*r - c = 18. Suppose 10*m - 5*m = r. What is the remainder when 10 is divided by m?
2
What is the remainder when ((-26)/(-5))/(9/45) is divided by 9?
8
Let x be (24/(-14))/(2/(-7)). Let y be x/9 + 2/(-3). Suppose m + 4*f - 1 = -y*f, -2*m - 3*f = -7. What is the remainder when 13 is divided by m?
3
Suppose 0 = -2*j - l + 127, 2*l + 201 = -0*j + 3*j. What is the remainder when j is divided by 22?
21
Let w = 7 + -4. Suppose -2*l = w*c - 72, 4*l - 5*c - 24 = 76. What is the remainder when l is divided by 11?
8
Suppose q + q - 30 = 0. Let b = -13 + 20. Suppose -b*z = -3*z + 3*a - q, 5 = 5*a. What is the remainder when 6 is divided by z?
0
Let i(v) = -v**2 - 5*v - 3. Let n be i(-3). Let p = 51 + -28. Suppose n*f - 155 + p = 0. What is the remainder when f is divided by 15?
14
Suppose 0 = 2*z + 3*z - 4*t + 31, -3*t + 15 = -z. Calculate the remainder when 25 is divided by (-40)/z - 1/3.
12
Let k(r) = 36*r. What is the remainder when k(1) is divided by 10?
6
Let p be 2/(-10) - (-64)/20. Suppose 2*z + 136 = 4*q - 2*z, -p*q = -2*z - 103. What is the remainder when q is divided by 18?
17
Let o = 33 - 21. Let r be 16/(-6) - 9/27. Calculate the remainder when 6/r + 37/1 is divided by o.
11
Let x(c) = c**2 - 6*c + 8. Calculate the remainder when x(-6) is divided by 12.
8
Suppose 3*h = 5*h - 96. Let b = -12 - -20. Let n = b - -9. What is the remainder when h is divided by n?
14
Let l(g) = g**2 - 14*g + 15. Let c be l(13). Suppose 5*j = k + 44, 48 = c*j - 5*k + 12. Calculate the remainder when 30 is divided by j.
6
Suppose 0 = q + 3 - 5. Suppose -q*v - 4*h 